a?
-a7c
In base 10, what is -366 - -1?
-365
In base 5, what is 40422 - -3?
40430
In base 5, what is 1300 + 40?
1340
In base 16, what is -3 - -44?
41
In base 9, what is 1234 + 25?
1260
In base 4, what is 22002 - -2?
22010
In base 11, what is -52 - -3?
-4a
In base 12, what is 4 + 14?
18
In base 8, what is -3474 - 5?
-3501
In base 3, what is 11 - 22212101?
-22212020
In base 9, what is -1 - 1711?
-1712
In base 5, what is -101211 - -3?
-101203
In base 16, what is 2b + b?
36
In base 12, what is -6 - 284?
-28a
In base 9, what is 208 - 77?
121
In base 6, what is 2231 - -41?
2312
In base 6, what is -3 - -32?
25
In base 13, what is ca - 20?
aa
In base 14, what is 1 + -b?
-a
In base 6, what is -1 - -11530?
11525
In base 15, what is -c - 18a?
-197
In base 8, what is -111 + -3?
-114
In base 8, what is 4 - -302?
306
In base 15, what is a - 110?
-105
In base 16, what is -4 + -88e?
-892
In base 12, what is -1a - 4?
-22
In base 4, what is 0 - 133?
-133
In base 14, what is -5 + -d7?
-dc
In base 14, what is -3 + 9?
6
In base 8, what is -500 - -5?
-473
In base 11, what is 228 + 1?
229
In base 7, what is 16653 + -1?
16652
In base 6, what is -1214 + 2?
-1212
In base 8, what is 1 - -41?
42
In base 2, what is 11101000 - 11?
11100101
In base 5, what is -422 - 2?
-424
In base 5, what is 10114 + -4?
10110
In base 8, what is -17435 + -2?
-17437
In base 9, what is 3 - -3?
6
In base 6, what is 41 + -23?
14
In base 14, what is bd + -6?
b7
In base 16, what is -3 + -21?
-24
In base 11, what is 27 - 0?
27
In base 6, what is 1 + -24555?
-24554
In base 4, what is -10 - 103002?
-103012
In base 5, what is -22421 - -2?
-22414
In base 15, what is 5a + -2?
58
In base 13, what is 47c + 3?
482
In base 2, what is -100011 + -101?
-101000
In base 13, what is -7 + -952?
-959
In base 2, what is -1011111010101 + 11?
-1011111010010
In base 8, what is 6 - 45?
-37
In base 9, what is -3 + -54?
-57
In base 11, what is 2 - 65?
-63
In base 12, what is -119 + -1?
-11a
In base 15, what is -9 - -640?
636
In base 12, what is -7 + 86?
7b
In base 5, what is 3 - -103?
111
In base 10, what is -6 - 80?
-86
In base 15, what is -d - -c?
-1
In base 13, what is 5b6 + 3?
5b9
In base 11, what is -1553 - -5?
-1549
In base 7, what is 5 + 44?
52
In base 9, what is -2 + -66?
-68
In base 10, what is 2 + -24?
-22
In base 7, what is -5 + 104?
66
In base 13, what is 10c - 0?
10c
In base 13, what is b7 + -77?
40
In base 10, what is 77 + 0?
77
In base 16, what is 4 - 2b?
-27
In base 10, what is 382 + 3?
385
In base 8, what is 5 + -65?
-60
In base 11, what is -18 - 4?
-21
In base 12, what is -44 - -8?
-38
In base 11, what is -13 - 168?
-180
In base 12, what is 20 - -64?
84
In base 5, what is 12 - 144?
-132
In base 10, what is 20 + -465?
-445
In base 9, what is -2 + -1566?
-1568
In base 10, what is 97 - 14?
83
In base 16, what is -3 + d?
a
In base 9, what is -3165 + -1?
-3166
In base 13, what is 749 + 6?
752
In base 2, what is 1 + 100100011010?
100100011011
In base 14, what is -167 - -d?
-158
In base 4, what is -33 - -12001?
11302
In base 7, what is -3 - 646?
-652
In base 7, what is -263 + -12?
-305
In base 2, what is -10001000010100 - -10?
-10001000010010
In base 13, what is -73 - -27?
-49
In base 2, what is 101 + 100011?
101000
In base 5, what is -324 + 22?
-302
In base 14, what is 9 + 1?
a
In base 10, what is -509 + -3?
-512
In base 6, what is 4 - -20505?
20513
In base 9, what is -3 + 847?
844
In base 14, what is 7 + -16?
-d
In base 2, what is 100 - -110001100?
110010000
In base 12, what is 20 + 8?
28
In base 8, what is -3 - 157?
-162
In base 10, what is 6 + 339?
345
In base 6, what is -33 + 43?
10
In base 2, what is 1001000 + -10110100?
-1101100
In base 3, what is 11 - -10001?
10012
In base 9, what is 1564 - -13?
1577
In base 10, what is -11 + 1248?
1237
In base 8, what is 45 + -56?
-11
In base 14, what is -c + 5?
-7
In base 14, what is 10 + a?
1a
In base 11, what is -2 - 5?
-7
In base 14, what is 1d3 + 16?
209
In base 15, what is 5 + 1d7?
1dc
In base 3, what is 20 + -20022?
-20002
In base 3, what is 0 - -2112?
2112
In base 9, what is 0 + -2156?
-2156
In base 7, what is 512 + 3?
515
In base 6, what is 223 - 2?
221
In base 16, what is -17 - -3e?
27
In base 15, what is -1 - 11d?
-11e
In base 8, what is 370 - 4?
364
In base 6, what is 10 + -23022?
-23012
In base 11, what is 3 - -97?
9a
In base 16, what is 27 - -5?
2c
In base 2, what is -10000 - -10?
-1110
In base 7, what is 15 - 3154?
-3136
In base 13, what is -2 + 103?
101
In base 10, what is -14 + 14?
0
In base 9, what is -8088 - 5?
-8104
In base 3, what is 112 - 1110200?
-1110011
In base 12, what is -ab + -b?
-ba
In base 6, what is 1 - -1535?
1540
In base 3, what is 10010 + -111?
2122
In base 12, what is -25 + -b?
-34
In base 12, what is -a + 13?
5
In base 11, what is -1 + 5?
4
In base 15, what is -4 + da?
d6
In base 2, what is -11 - -1001110?
1001011
In base 8, what is -53 - 2?
-55
In base 12, what is -8a + -5?
-93
In base 13, what is 24 + 5?
29
In base 16, what is 1e6 + 7?
1ed
In base 4, what is 32 - -10?
102
In base 16, what is ec - 4c?
a0
In base 8, what is -2 - -103?
101
In base 6, what is 115 - -4?
123
In base 8, what is 4 - -64?
70
In base 2, what is 10001 + 10011?
100100
In base 4, what is 0 - 3?
-3
In base 5, what is 4132 + 30?
4212
In base 15, what is ce + -4?
ca
In base 14, what is -1 + a9?
a8
In base 5, what is -1 - 34?
-40
In base 12, what is -3 + -1248?
-124b
In base 4, what is 1320 - -10200?
12120
In base 6, what is -210 - 245?
-455
In base 13, what is 18 + 10?
28
In base 3, what is 1022 + 221?
2020
In base 16, what is 2 - -1f?
21
In base 8, what is 440 + 4?
444
In base 13, what is 52b3 - 4?
52ac
In base 2, what is -10011010 + 10010?
-10001000
In base 9, what is 0 - -50?
50
In base 8, what is -6 - -2024?
2016
In base 2, what is -1 + -1001001?
-1001010
In base 13, what is 1aa - 1?
1a9
In base 10, what is -1771 + 2?
-1769
In base 16, what is 4 + 8a?
8e
In base 15, what is 2 - 49?
-47
In base 4, what is -301231 - -13?
-301212
In base 16, what is 89 + 5?
8e
In base 8, what is -24 + -564?
-610
In base 16, what is 54 - 3?
51
In base 7, what is 21121 + -5?
21113
In base 10, what is -81 + -2?
-83
In base 2, what is -1010111 + 10?
-1010101
In base 13, what is 34 - 0?
34
In base 2, what is 10 - 11010001?
-11001111
In base 2, what is -1100010 - 10101?
-1110111
In base 3, what is -1001012020 - 10?
-1001012100
In base 9, what is 42 - 51?
-8
In base 3, what is 1020 - 110?
210
In base 6, what is 4 - -21122?
21130
In base 8, what is -3 + 24?
21
In base 3, what is 0 - 121022?
-121022
In base 12, what is 2 - 17?
-15
In base 2, what is 10001 + 1010?
11011
In base 13, what is -1ab + 4?
-1a7
In base 15, what is d8 - 3a?
9d
In base 11, what is 20717 + 5?
20721
In base 11, what is 5 + 73?
78
In base 8, what is 1 + -64?
-63
In base 9, what is 14236 - 3?
14233
In base 7, what is -1 - -664?
663
In base 11, what is -2851 + 5?
-2847
In base 8, what is 173 - -4?
177
In base 5, what is -441 + -12?
-1003
In base 11, what is -61 - -260?
1aa
In base 12, what is 5 + -45?
-40
In base 13, what is 3 - -1?
4
In base 16, what is 0 - -142?
142
In base 12, what is -1149 - -3?
-1146
In base 5, what is -4 - -121?
112
In base 3, what is 21 + 12?
110
In base 9, what is -71 + 154?
73
In base 7, what is 234 + -42?
162
In base 2, what is -10 + 11100011?
11100001
In base 7, what is -1364 + 0?
-1364
In base 11, what is -18 + 4?
-14
In base 7, what is -13663 + 1?
-13662
In base 9, what is -2 - 1061?
-1063
In base 15, what is 8 - 7?
1
In base 10, what is -12 + -62?
-74
In base 2, what is -10010110101000 + 101?
-10010110100011
In base 14, what is -ab - -24?
-87
In base 6, what is 1 - -4501?
4502
In base 13, what is -2 + 329a?
3298
In base 2, what is 101011110 + -101?
101011001
In base 2, what is 10110 + -11000?
-10
In base 12, what is 23 - 43?
-20
In base 16, what is 0 + 10d0?
10d0
In base 4, what is 31 + 110?
201
In base 11, what is 4a + 0?
4a
In base 11, what is 592 + 5?
597
In base 4, what is 1 - -2?
3
In base 14, what is 0 - 2182?
-2182
In base 5, what is 1 + -143?
-142
In base 11, what is -1 + 77?
76
In base 10, what is 3 - 2303?
-2300
In base 15, what is 451 + -14?
43c
In base 6, what is 512 + 4?
520
In base 15, what is 7 + -8?
-1
In base 9, what is -71 - 14?
-85
In base 7, what is 5415 - -4?
5422